{"id":29,"date":"2021-02-03T01:54:34","date_gmt":"2021-02-03T01:54:34","guid":{"rendered":"http:\/\/www.administracionpublica.utalca.cl\/?page_id=29"},"modified":"2025-09-30T14:50:00","modified_gmt":"2025-09-30T14:50:00","slug":"preguntas-frecuentes","status":"publish","type":"page","link":"https:\/\/www.administracionpublica.utalca.cl\/?page_id=29","title":{"rendered":"Admisi\u00f3n"},"content":{"rendered":"<p><strong>Perfil de egreso<\/strong><\/p>\r\n<p><span data-contrast=\"none\">El\/la Administrador\/a P\u00fablico\/a de la Universidad de Talca es un\/a profesional con capacidad para identificar, analizar y resolver problemas y asuntos p\u00fablicos, del Estado y de la sociedad, con conciencia cr\u00edtica del entorno pol\u00edtico, social y econ\u00f3mico de las comunidades y territorios en los que se desenvuelve, al igual que de la realidad nacional y del contexto internacional.\u00a0 El\/la administrador\/a p\u00fablico se podr\u00e1 desempe\u00f1ar en los \u00f3rganos administrativos del Estado, en sus distintos niveles, en instituciones aut\u00f3nomas, empresas p\u00fablicas, organizaciones de la sociedad civil, los distintos poderes del Estado y en el sector privado en agencias que se relacionan con asuntos p\u00fablicos.<\/span><span data-ccp-props=\"{&quot;134233117&quot;:true,&quot;134233118&quot;:true,&quot;134245417&quot;:true,&quot;335551550&quot;:6,&quot;335551620&quot;:6}\">\u00a0<\/span><\/p>\r\n<p>Posee formaci\u00f3n en estrategias, instrumentos y herramientas de la gesti\u00f3n p\u00fablica, la planificaci\u00f3n y el an\u00e1lisis de datos complejos, con criterios de eficiencia, eficacia, probidad, sensibilidad democr\u00e1tica y legalidad, entregando respuestas innovadoras a los problemas sociales. Su formaci\u00f3n se sustenta en una perspectiva multidisciplinaria, que integra conocimientos de Ciencia Pol\u00edtica, Gesti\u00f3n P\u00fablica, Derecho, Econom\u00eda y Finanzas P\u00fablicas, entre otras disciplinas, lo que le permite abordar los desaf\u00edos p\u00fablicos de manera integral y propositiva.<\/p>\r\n<p><span data-contrast=\"none\">Asimismo, es capaz de liderar equipos de trabajo multidisciplinarios, coordinar procesos institucionales, facilitar la toma de decisiones colaborativas, promoviendo la participaci\u00f3n ciudadana, la equidad y la transparencia en la gesti\u00f3n. Est\u00e1 preparado\/a para analizar e intervenir en el ciclo de las pol\u00edticas p\u00fablicas, as\u00ed como en la formulaci\u00f3n, implementaci\u00f3n y evaluaci\u00f3n de proyectos y programas de inter\u00e9s p\u00fablico.<\/span><span data-ccp-props=\"{&quot;134233117&quot;:true,&quot;134233118&quot;:true,&quot;134245417&quot;:true,&quot;335551550&quot;:6,&quot;335551620&quot;:6}\">\u00a0<\/span><\/p>\r\n<p><strong>Grado<\/strong> <br \/>Esta carrera otorga el grado acad\u00e9mico de Licenciado\/a en Ciencia Pol\u00edtica y Administraci\u00f3n P\u00fablica. <br \/><br \/><strong>T\u00edtulo Profesional<\/strong> <br \/>Se ofrece el t\u00edtulo de Administrador\/a P\u00fablico\/a.<\/p>\r\n<p><strong>Prop\u00f3sito de la formaci\u00f3n<\/strong><\/p>\r\n<p>Formar profesionales integrales con capacidad para comprender, explicar e intervenir problemas p\u00fablicos con visi\u00f3n pa\u00eds, conciencia territorial y conocimiento sobre los distintitos niveles subnacionales, basada en un manejo s\u00f3lido y actualizado de teor\u00edas de gesti\u00f3n p\u00fablica, la ciencia pol\u00edtica, las pol\u00edticas p\u00fablicas y el derecho. Lo anterior se sustenta en el rol de analista formado para aplicar metodolog\u00edas, t\u00e9cnicas y herramientas de las Ciencias Sociales y Administrativas en el fortalecimiento de la toma de decisiones, el trabajo en equipo, la rendici\u00f3n de cuentas y la relaci\u00f3n entre el Estado y la sociedad civil. El plan de formaci\u00f3n estar\u00e1 enfocado en formar profesionales con un enfoque multidisciplinario, capaces de liderar desaf\u00edos emergentes en el sector p\u00fablico integrando perspectivas innovadoras.<br \/><br \/><strong>\u00bfPor qu\u00e9 estudiar Administraci\u00f3n P\u00fablica en la UTALCA?<\/strong><\/p>\r\n<!-- \/wp:paragraph -->\r\n\r\n<!-- wp:paragraph -->\r\n<p>Desde los primeros a\u00f1os acceder\u00e1s a cursos en ciencia de datos, innovaci\u00f3n, gerencia p\u00fablica, automatizaci\u00f3n de operaciones y de procesos, que te entregar\u00e1n herramientas pr\u00e1cticas para comprender y enfrentar los desaf\u00edos emergentes de la Administraci\u00f3n P\u00fablica. Nuestro plan de estudios conecta la realidad local con los desaf\u00edos nacionales e internacionales, entreg\u00e1ndote herramientas para analizar y proponer soluciones en los distintos niveles de la gesti\u00f3n p\u00fablica.<\/p>\r\n<p>La carrera integra distintas disciplinas como la administraci\u00f3n p\u00fablica, la ciencia pol\u00edtica, la econom\u00eda, las finanzas el derecho, la sociolog\u00eda y la psicolog\u00eda organizacional, lo que fortalece una mirada multidisciplinaria y te prepara para desenvolverte en diversos equipos de trabajo.<\/p>\r\n<p><strong><a href=\"https:\/\/admision.utalca.cl\/wp-content\/uploads\/2025\/08\/MALLA-ADM-PU%CC%81BLICA.pdf\">Malla Administraci\u00f3n P\u00fablica<\/a><\/strong> <br \/><br \/><strong>Obt\u00e9n m\u00e1s informaci\u00f3n ingresando a la p\u00e1gina <a href=\"https:\/\/admision.utalca.cl\/carreras\/administracion-publica\/\">www.admisi\u00f3n.utalca.cl<\/a><\/strong><\/p>","protected":false},"excerpt":{"rendered":"<p>Perfil de egreso El\/la Administrador\/a P\u00fablico\/a de la Universidad de Talca es un\/a profesional con capacidad para identificar, analizar y resolver problemas y asuntos p\u00fablicos, del Estado y de la sociedad, con conciencia cr\u00edtica del entorno pol\u00edtico, social y econ\u00f3mico de las comunidades y territorios en los que se desenvuelve, al igual que de la [&hellip;]<\/p>\n","protected":false},"author":1,"featured_media":0,"parent":0,"menu_order":0,"comment_status":"closed","ping_status":"closed","template":"page-preguntas.php","meta":[],"_links":{"self":[{"href":"https:\/\/www.administracionpublica.utalca.cl\/index.php?rest_route=\/wp\/v2\/pages\/29"}],"collection":[{"href":"https:\/\/www.administracionpublica.utalca.cl\/index.php?rest_route=\/wp\/v2\/pages"}],"about":[{"href":"https:\/\/www.administracionpublica.utalca.cl\/index.php?rest_route=\/wp\/v2\/types\/page"}],"author":[{"embeddable":true,"href":"https:\/\/www.administracionpublica.utalca.cl\/index.php?rest_route=\/wp\/v2\/users\/1"}],"replies":[{"embeddable":true,"href":"https:\/\/www.administracionpublica.utalca.cl\/index.php?rest_route=%2Fwp%2Fv2%2Fcomments&post=29"}],"version-history":[{"count":16,"href":"https:\/\/www.administracionpublica.utalca.cl\/index.php?rest_route=\/wp\/v2\/pages\/29\/revisions"}],"predecessor-version":[{"id":1904,"href":"https:\/\/www.administracionpublica.utalca.cl\/index.php?rest_route=\/wp\/v2\/pages\/29\/revisions\/1904"}],"wp:attachment":[{"href":"https:\/\/www.administracionpublica.utalca.cl\/index.php?rest_route=%2Fwp%2Fv2%2Fmedia&parent=29"}],"curies":[{"name":"wp","href":"https:\/\/api.w.org\/{rel}","templated":true}]}}

Admisión

<p><strong>Perfil de egreso</strong></p>
<p><span data-contrast="none">El/la Administrador/a Público/a de la Universidad de Talca es un/a profesional con capacidad para identificar, analizar y resolver problemas y asuntos públicos, del Estado y de la sociedad, con conciencia crítica del entorno político, social y económico de las comunidades y territorios en los que se desenvuelve, al igual que de la realidad nacional y del contexto internacional.  El/la administrador/a público se podrá desempeñar en los órganos administrativos del Estado, en sus distintos niveles, en instituciones autónomas, empresas públicas, organizaciones de la sociedad civil, los distintos poderes del Estado y en el sector privado en agencias que se relacionan con asuntos públicos.</span><span data-ccp-props="{&quot;134233117&quot;:true,&quot;134233118&quot;:true,&quot;134245417&quot;:true,&quot;335551550&quot;:6,&quot;335551620&quot;:6}"> </span></p>
<p>Posee formación en estrategias, instrumentos y herramientas de la gestión pública, la planificación y el análisis de datos complejos, con criterios de eficiencia, eficacia, probidad, sensibilidad democrática y legalidad, entregando respuestas innovadoras a los problemas sociales. Su formación se sustenta en una perspectiva multidisciplinaria, que integra conocimientos de Ciencia Política, Gestión Pública, Derecho, Economía y Finanzas Públicas, entre otras disciplinas, lo que le permite abordar los desafíos públicos de manera integral y propositiva.</p>
<p><span data-contrast="none">Asimismo, es capaz de liderar equipos de trabajo multidisciplinarios, coordinar procesos institucionales, facilitar la toma de decisiones colaborativas, promoviendo la participación ciudadana, la equidad y la transparencia en la gestión. Está preparado/a para analizar e intervenir en el ciclo de las políticas públicas, así como en la formulación, implementación y evaluación de proyectos y programas de interés público.</span><span data-ccp-props="{&quot;134233117&quot;:true,&quot;134233118&quot;:true,&quot;134245417&quot;:true,&quot;335551550&quot;:6,&quot;335551620&quot;:6}"> </span></p>
<p><strong>Grado</strong> <br />Esta carrera otorga el grado académico de Licenciado/a en Ciencia Política y Administración Pública. <br /><br /><strong>Título Profesional</strong> <br />Se ofrece el título de Administrador/a Público/a.</p>
<p><strong>Propósito de la formación</strong></p>
<p>Formar profesionales integrales con capacidad para comprender, explicar e intervenir problemas públicos con visión país, conciencia territorial y conocimiento sobre los distintitos niveles subnacionales, basada en un manejo sólido y actualizado de teorías de gestión pública, la ciencia política, las políticas públicas y el derecho. Lo anterior se sustenta en el rol de analista formado para aplicar metodologías, técnicas y herramientas de las Ciencias Sociales y Administrativas en el fortalecimiento de la toma de decisiones, el trabajo en equipo, la rendición de cuentas y la relación entre el Estado y la sociedad civil. El plan de formación estará enfocado en formar profesionales con un enfoque multidisciplinario, capaces de liderar desafíos emergentes en el sector público integrando perspectivas innovadoras.<br /><br /><strong>¿Por qué estudiar Administración Pública en la UTALCA?</strong></p>
<!-- /wp:paragraph -->

<!-- wp:paragraph -->
<p>Desde los primeros años accederás a cursos en ciencia de datos, innovación, gerencia pública, automatización de operaciones y de procesos, que te entregarán herramientas prácticas para comprender y enfrentar los desafíos emergentes de la Administración Pública. Nuestro plan de estudios conecta la realidad local con los desafíos nacionales e internacionales, entregándote herramientas para analizar y proponer soluciones en los distintos niveles de la gestión pública.</p>
<p>La carrera integra distintas disciplinas como la administración pública, la ciencia política, la economía, las finanzas el derecho, la sociología y la psicología organizacional, lo que fortalece una mirada multidisciplinaria y te prepara para desenvolverte en diversos equipos de trabajo.</p>
<p><strong><a href="https://admision.utalca.cl/wp-content/uploads/2025/08/MALLA-ADM-PU%CC%81BLICA.pdf">Malla Administración Pública</a></strong> <br /><br /><strong>Obtén más información ingresando a la página <a href="https://admision.utalca.cl/carreras/administracion-publica/">www.admisión.utalca.cl</a></strong></p>

<p>Perfil de egreso El/la Administrador/a Público/a de la Universidad de Talca es un/a profesional con capacidad para identificar, analizar y resolver problemas y asuntos públicos, del Estado y de la sociedad, con conciencia crítica del entorno político, social y económico de las comunidades y territorios en los que se desenvuelve, al igual que de la [&hellip;]</p>
